{"id":65,"date":"2016-10-26T11:58:44","date_gmt":"2016-10-26T11:58:44","guid":{"rendered":"http:\/\/test.personal-shopper-graz.at\/?page_id=65"},"modified":"2022-11-12T13:29:49","modified_gmt":"2022-11-12T13:29:49","slug":"gutscheine","status":"publish","type":"page","link":"https:\/\/personal-shopper-graz.at\/?page_id=65","title":{"rendered":"Gutscheine"},"content":{"rendered":"<p>Schenken Sie doch einen Gutschein zu einer meiner Beratungen!<\/p>\n<p style=\"text-align: center;\"><strong>&#8230; es gibt viele Gr\u00fcnde, Anl\u00e4sse und Ereignisse f\u00fcr die Sie mit einem Gutschein von Personal Shopper &amp; more jemandem eine gro\u00dfe Freude machen k\u00f6nnen!<\/strong><\/p>\n<p>Rufen Sie mich an und wir besprechen die Art oder den Wert des Gutscheines und dieser wird danach per Post an Sie versendet.<\/p>\n<h3><\/h3>\n<p><img loading=\"lazy\" decoding=\"async\" class=\"wp-image-1992 aligncenter\" src=\"https:\/\/personal-shopper-graz.at\/wp-content\/uploads\/2022\/05\/IMG_3966-300x225.jpg\" alt=\"\" width=\"587\" height=\"440\" srcset=\"https:\/\/personal-shopper-graz.at\/wp-content\/uploads\/2022\/05\/IMG_3966-300x225.jpg 300w, https:\/\/personal-shopper-graz.at\/wp-content\/uploads\/2022\/05\/IMG_3966-360x270.jpg 360w, https:\/\/personal-shopper-graz.at\/wp-content\/uploads\/2022\/05\/IMG_3966-1024x768.jpg 1024w, https:\/\/personal-shopper-graz.at\/wp-content\/uploads\/2022\/05\/IMG_3966-768x576.jpg 768w, https:\/\/personal-shopper-graz.at\/wp-content\/uploads\/2022\/05\/IMG_3966-1536x1152.jpg 1536w, https:\/\/personal-shopper-graz.at\/wp-content\/uploads\/2022\/05\/IMG_3966-370x278.jpg 370w, https:\/\/personal-shopper-graz.at\/wp-content\/uploads\/2022\/05\/IMG_3966-1040x780.jpg 1040w, https:\/\/personal-shopper-graz.at\/wp-content\/uploads\/2022\/05\/IMG_3966-600x450.jpg 600w, https:\/\/personal-shopper-graz.at\/wp-content\/uploads\/2022\/05\/IMG_3966.jpg 2048w\" sizes=\"auto, (max-width: 587px) 100vw, 587px\" \/><\/p>\n","protected":false},"excerpt":{"rendered":"<p>Schenken Sie doch einen Gutschein zu einer meiner Beratungen! &#8230; es gibt viele Gr\u00fcnde, Anl\u00e4sse und Ereignisse f\u00fcr die Sie mit einem Gutschein von Personal Shopper &amp; more jemandem eine gro\u00dfe Freude machen k\u00f6nnen! Rufen Sie mich an und wir besprechen die Art oder den Wert des Gutscheines und dieser wird danach per Post an&#8230;<\/p>\n","protected":false},"author":4,"featured_media":0,"parent":0,"menu_order":0,"comment_status":"closed","ping_status":"closed","template":"","meta":{"_kad_post_transparent":"","_kad_post_title":"","_kad_post_layout":"","_kad_post_sidebar_id":"","_kad_post_content_style":"","_kad_post_vertical_padding":"","_kad_post_feature":"","_kad_post_feature_position":"","_kad_post_header":false,"_kad_post_footer":false,"_kad_post_classname":"","footnotes":""},"class_list":["post-65","page","type-page","status-publish","hentry"],"_links":{"self":[{"href":"https:\/\/personal-shopper-graz.at\/index.php?rest_route=\/wp\/v2\/pages\/65","targetHints":{"allow":["GET"]}}],"collection":[{"href":"https:\/\/personal-shopper-graz.at\/index.php?rest_route=\/wp\/v2\/pages"}],"about":[{"href":"https:\/\/personal-shopper-graz.at\/index.php?rest_route=\/wp\/v2\/types\/page"}],"author":[{"embeddable":true,"href":"https:\/\/personal-shopper-graz.at\/index.php?rest_route=\/wp\/v2\/users\/4"}],"replies":[{"embeddable":true,"href":"https:\/\/personal-shopper-graz.at\/index.php?rest_route=%2Fwp%2Fv2%2Fcomments&post=65"}],"version-history":[{"count":18,"href":"https:\/\/personal-shopper-graz.at\/index.php?rest_route=\/wp\/v2\/pages\/65\/revisions"}],"predecessor-version":[{"id":2114,"href":"https:\/\/personal-shopper-graz.at\/index.php?rest_route=\/wp\/v2\/pages\/65\/revisions\/2114"}],"wp:attachment":[{"href":"https:\/\/personal-shopper-graz.at\/index.php?rest_route=%2Fwp%2Fv2%2Fmedia&parent=65"}],"curies":[{"name":"wp","href":"https:\/\/api.w.org\/{rel}","templated":true}]}}