{"id":2261,"date":"2023-02-16T14:46:54","date_gmt":"2023-02-16T14:46:54","guid":{"rendered":"https:\/\/personal-shopper-graz.at\/?post_type=product&#038;p=2261"},"modified":"2026-02-12T15:13:43","modified_gmt":"2026-02-12T15:13:43","slug":"malu-wilz-basic-natural-beauty-day-cream-spf10-40ml","status":"publish","type":"product","link":"https:\/\/personal-shopper-graz.at\/?product=malu-wilz-basic-natural-beauty-day-cream-spf10-40ml","title":{"rendered":"Malu Wilz Basic Natural Beauty Day Cream SPF10 40ml"},"content":{"rendered":"<div class=\"product--anaesthetic-text\">Verkapselte Pigmentperlen, welche beim Auftragen auf der Haut aufbrechen, passen sich nahezu jedem Hautton an und sorgen f\u00fcr einen sehr nat\u00fcrlichen, ebenm\u00e4\u00dfigen Look. Lichtschutzfaktor 10 mit UVA\/UVB Filter sch\u00fctzt die Haut gegen t\u00e4gliche Sonneneinfl\u00fcsse und beugt lichtbedingter Hautalterung vor. Gleichzeitig optimiert die luxuri\u00f6se, samtige Textur mit Glycerin und Panthenol den Feuchtigkeitsgehalt der Haut und pflegt sie streichelzart.<\/div>\n<div><\/div>\n<div>\n<div class=\"product--application-title content--title\">Anwendung<\/div>\n<div class=\"product--application-text\">Morgens gleichm\u00e4\u00dfig auf die gereinigte Haut auftragen. Augenpartie aussparen.<\/div>\n<div class=\"product--anaesthetic-title content--title\">Wirkstoffe<\/div>\n<div class=\"product--anaesthetic-text\">UV-B Filter, UV-A Filter, Panthenol, Glycerin<\/div>\n<\/div>\n<div class=\"product--properties panel has--border\">\n<table class=\"product--properties-table\">\n<tbody>\n<tr class=\"product--properties-row\">\n<td class=\"product--properties-label is--bold\"><\/td>\n<\/tr>\n<\/tbody>\n<\/table>\n<\/div>\n","protected":false},"excerpt":{"rendered":"<div id=\"dpahahyoutubeVideoPipContainer\" class=\"youtubeVideoPipScaleup\"><\/div>\n<div id=\"dpahahyoutubeVideoPipContainer\" class=\"youtubeVideoPipScaleup\"><\/div>\n<div>\n<div class=\"neos-nodetypes-text\">\n<div>Schenkt der Haut ein strahlend sch\u00f6nes und frisches Aussehen. Sie eignet sich perfekt f\u00fcr alle, die nicht auf einen Hauch Farbe im Gesicht verzichten m\u00f6chten.<\/div>\n<\/div>\n<\/div>\n<p>Alle Hauttypen<\/p>\n","protected":false},"featured_media":3263,"template":"","meta":{"_kad_post_transparent":"","_kad_post_title":"","_kad_post_layout":"","_kad_post_sidebar_id":"","_kad_post_content_style":"","_kad_post_vertical_padding":"","_kad_post_feature":"","_kad_post_feature_position":"","_kad_post_header":false,"_kad_post_footer":false,"_kad_post_classname":""},"product_brand":[],"product_cat":[26,44],"product_tag":[39],"class_list":{"0":"post-2261","1":"product","2":"type-product","3":"status-publish","4":"has-post-thumbnail","6":"product_cat-make-up","7":"product_cat-malu-wilz","8":"product_tag-make-up","10":"first","11":"instock","12":"shipping-taxable","13":"purchasable","14":"product-type-simple","15":"entry","16":"content-bg","17":"loop-entry"},"_links":{"self":[{"href":"https:\/\/personal-shopper-graz.at\/index.php?rest_route=\/wp\/v2\/product\/2261","targetHints":{"allow":["GET"]}}],"collection":[{"href":"https:\/\/personal-shopper-graz.at\/index.php?rest_route=\/wp\/v2\/product"}],"about":[{"href":"https:\/\/personal-shopper-graz.at\/index.php?rest_route=\/wp\/v2\/types\/product"}],"wp:featuredmedia":[{"embeddable":true,"href":"https:\/\/personal-shopper-graz.at\/index.php?rest_route=\/wp\/v2\/media\/3263"}],"wp:attachment":[{"href":"https:\/\/personal-shopper-graz.at\/index.php?rest_route=%2Fwp%2Fv2%2Fmedia&parent=2261"}],"wp:term":[{"taxonomy":"product_brand","embeddable":true,"href":"https:\/\/personal-shopper-graz.at\/index.php?rest_route=%2Fwp%2Fv2%2Fproduct_brand&post=2261"},{"taxonomy":"product_cat","embeddable":true,"href":"https:\/\/personal-shopper-graz.at\/index.php?rest_route=%2Fwp%2Fv2%2Fproduct_cat&post=2261"},{"taxonomy":"product_tag","embeddable":true,"href":"https:\/\/personal-shopper-graz.at\/index.php?rest_route=%2Fwp%2Fv2%2Fproduct_tag&post=2261"}],"curies":[{"name":"wp","href":"https:\/\/api.w.org\/{rel}","templated":true}]}}