{"id":2491,"date":"2023-09-25T13:19:07","date_gmt":"2023-09-25T13:19:07","guid":{"rendered":"https:\/\/personal-shopper-graz.at\/?post_type=product&#038;p=2491"},"modified":"2025-12-07T12:31:38","modified_gmt":"2025-12-07T12:31:38","slug":"mens-nature-after-shave-tonic-100ml-flasche","status":"publish","type":"product","link":"https:\/\/personal-shopper-graz.at\/?product=mens-nature-after-shave-tonic-100ml-flasche","title":{"rendered":"Men&#8217;s Nature After Shave-Tonic 100ml Flasche"},"content":{"rendered":"<div class=\"emz-product-info-column js-emz-info-column\">\n<div id=\"collapseEmzProductInfo1\" class=\"emz-product-info-column-content collapse js-emz-column-content show\" aria-labelledby=\"collapseEmzProductInfoTitle1\">\n<div id=\"collapseEmzProductInfo1\" class=\"emz-product-info-column-content collapse js-emz-column-content show\" aria-labelledby=\"collapseEmzProductInfoTitle1\">\n<ul>\n<li style=\"list-style-type: none;\">\n<ul>\n<li>\n<div id=\"collapseEmzProductInfo1\" class=\"emz-product-info-column-content collapse js-emz-column-content show\" aria-labelledby=\"collapseEmzProductInfoTitle1\">\n<ul>\n<li>\n<div id=\"collapseEmzProductInfoTitle1\" class=\"emz-product-info-column-headline has-color js-collapse-emz-column-trigger show\" data-target=\"#collapseEmzProductInfo1\" aria-expanded=\"true\" aria-controls=\"collapseEmzProductInfo1\"><span class=\"emz-product-info-title\">Beschreibung<\/span><\/div>\n<div id=\"collapseEmzProductInfo1\" class=\"emz-product-info-column-content collapse js-emz-column-content show\" aria-labelledby=\"collapseEmzProductInfoTitle1\">\n<p>Das Rasierwasser belebt die M\u00e4nnerhaut nach der Rasur. Gleichzeitig k\u00fchlt es mit MeeresTIEFwasser und einem Eismeeralgen-Extrakt die Haut und sch\u00fctzt vor negativen Umwelteinfl\u00fcssen. Nach jeder Rasur anwendbar, ob nass oder trocken.<\/p>\n<ul>\n<li>Rasierwasser \u2013 anwendbar nach jeder Rasur, ob nass oder trocken<\/li>\n<li>wirkt k\u00fchlend<\/li>\n<li>belebt die Haut<\/li>\n<li>bringt die durch die Rasur gestresste Haut wieder ins Gleichgewicht<\/li>\n<li>sch\u00fctzt die Haut vor negativen Umwelteinfl\u00fcssen<\/li>\n<li>sehr gut hautvertr\u00e4glich \u2013 dermatologisch best\u00e4tigt durch ein unabh\u00e4ngiges Institut<\/li>\n<li>frei von Mineral- und Silikon-\u00d6len, konventionellen Emulgatoren, Parabenen, Farbstoffen, PEG<\/li>\n<li>vegan \u2013 frei von tierischen Inhaltsstoffen<\/li>\n<\/ul>\n<\/div>\n<\/li>\n<\/ul>\n<\/div>\n<\/li>\n<\/ul>\n<\/li>\n<\/ul>\n<\/div>\n<p><img loading=\"lazy\" decoding=\"async\" class=\"\" src=\"https:\/\/www.biomaris.com\/media\/45\/36\/33\/1632320492\/siegel_dermatologisch-getestet-mn.svg\" width=\"164\" height=\"164\" \/> <img loading=\"lazy\" decoding=\"async\" class=\"\" src=\"https:\/\/www.biomaris.com\/media\/d5\/d0\/63\/1628767376\/siegel-einzigartig-mtw-mn.svg\" width=\"159\" height=\"159\" \/><\/p>\n<\/div>\n<\/div>\n<div class=\"emz-product-info-column js-emz-info-column\">\n<div data-target=\"#collapseEmzProductInfo2\" aria-expanded=\"true\" aria-controls=\"collapseEmzProductInfo2\">\n<div class=\"emz-product-info-column js-emz-info-column has-border-bottom\">\n<div id=\"collapseEmzProductInfo3\" class=\"emz-product-info-column-content collapse js-emz-column-content \" aria-labelledby=\"collapseEmzProductInfoTitle3\">\n<div class=\"emz-product-info-column js-emz-info-column\"><\/div>\n<div class=\"emz-product-info-column js-emz-info-column has-border-bottom\">\n<div id=\"collapseEmzProductInfo3\" class=\"emz-product-info-column-content collapse js-emz-column-content \" aria-labelledby=\"collapseEmzProductInfoTitle3\">\n<div class=\"emz-product-info-column js-emz-info-column\"><\/div>\n<div class=\"emz-product-info-column js-emz-info-column has-border-bottom\">\n<div id=\"collapseEmzProductInfo3\" class=\"emz-product-info-column-content collapse js-emz-column-content \" aria-labelledby=\"collapseEmzProductInfoTitle3\">\n<div class=\"emz-product-info-column js-emz-info-column\">\n<div id=\"collapseEmzProductInfoTitle2\" class=\"emz-product-info-column-headline has-color has-line js-collapse-emz-column-trigger show\" data-target=\"#collapseEmzProductInfo2\" aria-expanded=\"true\" aria-controls=\"collapseEmzProductInfo2\"><span class=\"emz-product-info-title\">Wirkstoffe<\/span><\/div>\n<div id=\"collapseEmzProductInfo2\" class=\"emz-product-info-column-content collapse js-emz-column-content show\" aria-labelledby=\"collapseEmzProductInfoTitle2\">\n<ul>\n<li>MeeresTIEFwasser<\/li>\n<li>Eismeeralgen-Extrakt <i>Durvillaea Antarctica<\/i> aus der Antarktis \u2013 mit Anti-Pollution-Effekt<\/li>\n<li>Alkohol<\/li>\n<li>Menthol<\/li>\n<\/ul>\n<\/div>\n<\/div>\n<div class=\"emz-product-info-column js-emz-info-column has-border-bottom\">\n<div id=\"collapseEmzProductInfoTitle3\" class=\"emz-product-info-column-headline has-color has-line js-collapse-emz-column-trigger \" data-target=\"#collapseEmzProductInfo3\" aria-expanded=\"true\" aria-controls=\"collapseEmzProductInfo3\"><span class=\"emz-product-info-title\">Anwendung<\/span><\/div>\n<div id=\"collapseEmzProductInfo3\" class=\"emz-product-info-column-content collapse js-emz-column-content \" aria-labelledby=\"collapseEmzProductInfoTitle3\">Nach der Rasur in die H\u00e4nde geben und leicht in die Haut von Gesicht und Hals einklopfen.<\/div>\n<\/div>\n<\/div>\n<\/div>\n<\/div>\n<\/div>\n<\/div>\n<\/div>\n<\/div>\n<\/div>\n","protected":false},"excerpt":{"rendered":"<p>Praktisches Kombi-Produkt f\u00fcr den Mann \u2013 Pflege-Dusche f\u00fcr K\u00f6rper, Gesicht &amp; Haare.<\/p>\n","protected":false},"featured_media":3293,"template":"","meta":{"_kad_post_transparent":"","_kad_post_title":"","_kad_post_layout":"","_kad_post_sidebar_id":"","_kad_post_content_style":"","_kad_post_vertical_padding":"","_kad_post_feature":"","_kad_post_feature_position":"","_kad_post_header":false,"_kad_post_footer":false,"_kad_post_classname":""},"product_brand":[],"product_cat":[45],"product_tag":[],"class_list":{"0":"post-2491","1":"product","2":"type-product","3":"status-publish","4":"has-post-thumbnail","6":"product_cat-maennerkosmetik","8":"first","9":"instock","10":"shipping-taxable","11":"purchasable","12":"product-type-simple","13":"entry","14":"content-bg","15":"loop-entry"},"_links":{"self":[{"href":"https:\/\/personal-shopper-graz.at\/index.php?rest_route=\/wp\/v2\/product\/2491","targetHints":{"allow":["GET"]}}],"collection":[{"href":"https:\/\/personal-shopper-graz.at\/index.php?rest_route=\/wp\/v2\/product"}],"about":[{"href":"https:\/\/personal-shopper-graz.at\/index.php?rest_route=\/wp\/v2\/types\/product"}],"wp:featuredmedia":[{"embeddable":true,"href":"https:\/\/personal-shopper-graz.at\/index.php?rest_route=\/wp\/v2\/media\/3293"}],"wp:attachment":[{"href":"https:\/\/personal-shopper-graz.at\/index.php?rest_route=%2Fwp%2Fv2%2Fmedia&parent=2491"}],"wp:term":[{"taxonomy":"product_brand","embeddable":true,"href":"https:\/\/personal-shopper-graz.at\/index.php?rest_route=%2Fwp%2Fv2%2Fproduct_brand&post=2491"},{"taxonomy":"product_cat","embeddable":true,"href":"https:\/\/personal-shopper-graz.at\/index.php?rest_route=%2Fwp%2Fv2%2Fproduct_cat&post=2491"},{"taxonomy":"product_tag","embeddable":true,"href":"https:\/\/personal-shopper-graz.at\/index.php?rest_route=%2Fwp%2Fv2%2Fproduct_tag&post=2491"}],"curies":[{"name":"wp","href":"https:\/\/api.w.org\/{rel}","templated":true}]}}

<div class="emz-product-info-column js-emz-info-column">
<div id="collapseEmzProductInfo1" class="emz-product-info-column-content collapse js-emz-column-content show" aria-labelledby="collapseEmzProductInfoTitle1">
<div id="collapseEmzProductInfo1" class="emz-product-info-column-content collapse js-emz-column-content show" aria-labelledby="collapseEmzProductInfoTitle1">
<ul>
<li style="list-style-type: none;">
<ul>
<li>
<div id="collapseEmzProductInfo1" class="emz-product-info-column-content collapse js-emz-column-content show" aria-labelledby="collapseEmzProductInfoTitle1">
<ul>
<li>
<div id="collapseEmzProductInfoTitle1" class="emz-product-info-column-headline has-color js-collapse-emz-column-trigger show" data-target="#collapseEmzProductInfo1" aria-expanded="true" aria-controls="collapseEmzProductInfo1"><span class="emz-product-info-title">Beschreibung</span></div>
<div id="collapseEmzProductInfo1" class="emz-product-info-column-content collapse js-emz-column-content show" aria-labelledby="collapseEmzProductInfoTitle1">
<p>Das Rasierwasser belebt die Männerhaut nach der Rasur. Gleichzeitig kühlt es mit MeeresTIEFwasser und einem Eismeeralgen-Extrakt die Haut und schützt vor negativen Umwelteinflüssen. Nach jeder Rasur anwendbar, ob nass oder trocken.</p>
<ul>
<li>Rasierwasser – anwendbar nach jeder Rasur, ob nass oder trocken</li>
<li>wirkt kühlend</li>
<li>belebt die Haut</li>
<li>bringt die durch die Rasur gestresste Haut wieder ins Gleichgewicht</li>
<li>schützt die Haut vor negativen Umwelteinflüssen</li>
<li>sehr gut hautverträglich – dermatologisch bestätigt durch ein unabhängiges Institut</li>
<li>frei von Mineral- und Silikon-Ölen, konventionellen Emulgatoren, Parabenen, Farbstoffen, PEG</li>
<li>vegan – frei von tierischen Inhaltsstoffen</li>
</ul>
</div>
</li>
</ul>
</div>
</li>
</ul>
</li>
</ul>
</div>
<p><img loading="lazy" decoding="async" class="" src="https://www.biomaris.com/media/45/36/33/1632320492/siegel_dermatologisch-getestet-mn.svg" width="164" height="164" /> <img loading="lazy" decoding="async" class="" src="https://www.biomaris.com/media/d5/d0/63/1628767376/siegel-einzigartig-mtw-mn.svg" width="159" height="159" /></p>
</div>
</div>
<div class="emz-product-info-column js-emz-info-column">
<div data-target="#collapseEmzProductInfo2" aria-expanded="true" aria-controls="collapseEmzProductInfo2">
<div class="emz-product-info-column js-emz-info-column has-border-bottom">
<div id="collapseEmzProductInfo3" class="emz-product-info-column-content collapse js-emz-column-content " aria-labelledby="collapseEmzProductInfoTitle3">
<div class="emz-product-info-column js-emz-info-column"></div>
<div class="emz-product-info-column js-emz-info-column has-border-bottom">
<div id="collapseEmzProductInfo3" class="emz-product-info-column-content collapse js-emz-column-content " aria-labelledby="collapseEmzProductInfoTitle3">
<div class="emz-product-info-column js-emz-info-column"></div>
<div class="emz-product-info-column js-emz-info-column has-border-bottom">
<div id="collapseEmzProductInfo3" class="emz-product-info-column-content collapse js-emz-column-content " aria-labelledby="collapseEmzProductInfoTitle3">
<div class="emz-product-info-column js-emz-info-column">
<div id="collapseEmzProductInfoTitle2" class="emz-product-info-column-headline has-color has-line js-collapse-emz-column-trigger show" data-target="#collapseEmzProductInfo2" aria-expanded="true" aria-controls="collapseEmzProductInfo2"><span class="emz-product-info-title">Wirkstoffe</span></div>
<div id="collapseEmzProductInfo2" class="emz-product-info-column-content collapse js-emz-column-content show" aria-labelledby="collapseEmzProductInfoTitle2">
<ul>
<li>MeeresTIEFwasser</li>
<li>Eismeeralgen-Extrakt <i>Durvillaea Antarctica</i> aus der Antarktis – mit Anti-Pollution-Effekt</li>
<li>Alkohol</li>
<li>Menthol</li>
</ul>
</div>
</div>
<div class="emz-product-info-column js-emz-info-column has-border-bottom">
<div id="collapseEmzProductInfoTitle3" class="emz-product-info-column-headline has-color has-line js-collapse-emz-column-trigger " data-target="#collapseEmzProductInfo3" aria-expanded="true" aria-controls="collapseEmzProductInfo3"><span class="emz-product-info-title">Anwendung</span></div>
<div id="collapseEmzProductInfo3" class="emz-product-info-column-content collapse js-emz-column-content " aria-labelledby="collapseEmzProductInfoTitle3">Nach der Rasur in die Hände geben und leicht in die Haut von Gesicht und Hals einklopfen.</div>
</div>
</div>
</div>
</div>
</div>
</div>
</div>
</div>
</div>

<p>Praktisches Kombi-Produkt für den Mann – Pflege-Dusche für Körper, Gesicht &amp; Haare.</p>
