{"id":2917,"date":"2025-05-19T13:22:07","date_gmt":"2025-05-19T13:22:07","guid":{"rendered":"https:\/\/personal-shopper-graz.at\/?post_type=product&#038;p=2917"},"modified":"2026-01-08T12:36:09","modified_gmt":"2026-01-08T12:36:09","slug":"malu-wilz-mineral-powder-15g","status":"publish","type":"product","link":"https:\/\/personal-shopper-graz.at\/?product=malu-wilz-mineral-powder-15g","title":{"rendered":"Malu Wilz Mineral Powder 15g"},"content":{"rendered":"<div class=\"product--description\">\n<div class=\"bwvo bwaa bwhr\" aria-expanded=\"false\">\n<div class=\"bwjy\">Verwenden Sie zum Auftragen des Puder Make ups den\u00a0 Beaut\u00e9 Mineral Powder Brush. Dieser speziell entwickelte Pinsel erm\u00f6glicht durch seine abgerundete Form und die besonders weichen Haare eine optimale Puderaufnahme und einen gleichm\u00e4\u00dfigen Auftrag bzw. Farbabgabe. F\u00fcr das perfekte Finish ohne akzentuierte Linien folgen Sie den unten aufgef\u00fchrten Anwendungsschritten: Tragen Sie die Tagespflegeprodukte auf und lassen sie vollst\u00e4ndig von der Haut absorbieren. Nehmen Sie nun mit der Mineral Powder Brush eine kleine Menge Puder auf, und tragen Sie den Puder mit kleinen kreisenden Bewegungen auf die Haut auf. Klopfen Sie \u00fcbersch\u00fcssigen Puder leicht ab.<\/div>\n<\/div>\n<div>Inhaltsstoffe:<\/div>\n<div class=\"bwab\">MICA, ZINC OXIDE, AQUA (WATER), PHENOXYETHANOL, SODIUM DEHYDROACETATE, TALC, SORBIC ACID, LYSINE, MAGNESIUM CHLORIDE, POTASSIUM CHLORIDE, SODIUM CHLORIDE, POTASSIUM SORBATE, ZINC CHLORIDE, [+\/- (MAY CONTAIN) CI 77163 (BISMUTH OXYCHLORIDE), CI 77491 (IRON OXIDES), CI 77492 (IRON OXIDES), CI 77499 (IRON OXIDES), CI 77891 (TITANIUM DIOXIDE)<\/div>\n<\/div>\n<div id=\"dpahahyoutubeVideoPipContainer\" class=\"youtubeVideoPipScaleup\" style=\"z-index: 1102; display: none;\"><\/div>\n","protected":false},"excerpt":{"rendered":"<p>Die leichten Puderprodukte verleihen der Haut einen ebenm\u00e4\u00dfigen, absolut nat\u00fcrlich wirkenden Teint. Die pudrige Konsistenz der Mineral Powder Foundation unterscheidet sich ganz klar von konventionellen Make up Produkten. So leicht, wie ein Hauch von Seide, verschmilzt die Puder Foundation mit der Haut, f\u00fcr einen strahlenden Teint. Die spezielle Pigmentkombination kaschiert F\u00e4ltchen und erweiterte Poren. F\u00fcr alle Hauttypen geeignet, speziell f\u00fcr Frauen mit sensibler und problematischer Haut.<\/p>\n","protected":false},"featured_media":3275,"template":"","meta":{"_kad_post_transparent":"","_kad_post_title":"","_kad_post_layout":"","_kad_post_sidebar_id":"","_kad_post_content_style":"","_kad_post_vertical_padding":"","_kad_post_feature":"","_kad_post_feature_position":"","_kad_post_header":false,"_kad_post_footer":false,"_kad_post_classname":""},"product_brand":[],"product_cat":[26,44,18],"product_tag":[39],"class_list":{"0":"post-2917","1":"product","2":"type-product","3":"status-publish","4":"has-post-thumbnail","6":"product_cat-make-up","7":"product_cat-malu-wilz","8":"product_cat-powder","9":"product_tag-make-up","11":"first","12":"instock","13":"shipping-taxable","14":"purchasable","15":"product-type-variable","16":"entry","17":"content-bg","18":"loop-entry"},"_links":{"self":[{"href":"https:\/\/personal-shopper-graz.at\/index.php?rest_route=\/wp\/v2\/product\/2917","targetHints":{"allow":["GET"]}}],"collection":[{"href":"https:\/\/personal-shopper-graz.at\/index.php?rest_route=\/wp\/v2\/product"}],"about":[{"href":"https:\/\/personal-shopper-graz.at\/index.php?rest_route=\/wp\/v2\/types\/product"}],"wp:featuredmedia":[{"embeddable":true,"href":"https:\/\/personal-shopper-graz.at\/index.php?rest_route=\/wp\/v2\/media\/3275"}],"wp:attachment":[{"href":"https:\/\/personal-shopper-graz.at\/index.php?rest_route=%2Fwp%2Fv2%2Fmedia&parent=2917"}],"wp:term":[{"taxonomy":"product_brand","embeddable":true,"href":"https:\/\/personal-shopper-graz.at\/index.php?rest_route=%2Fwp%2Fv2%2Fproduct_brand&post=2917"},{"taxonomy":"product_cat","embeddable":true,"href":"https:\/\/personal-shopper-graz.at\/index.php?rest_route=%2Fwp%2Fv2%2Fproduct_cat&post=2917"},{"taxonomy":"product_tag","embeddable":true,"href":"https:\/\/personal-shopper-graz.at\/index.php?rest_route=%2Fwp%2Fv2%2Fproduct_tag&post=2917"}],"curies":[{"name":"wp","href":"https:\/\/api.w.org\/{rel}","templated":true}]}}