{"id":2924,"date":"2025-05-20T10:46:36","date_gmt":"2025-05-20T10:46:36","guid":{"rendered":"https:\/\/personal-shopper-graz.at\/?post_type=product&#038;p=2924"},"modified":"2025-12-06T21:24:27","modified_gmt":"2025-12-06T21:24:27","slug":"malu-wilz-fixing-powder-15g","status":"publish","type":"product","link":"https:\/\/personal-shopper-graz.at\/?product=malu-wilz-fixing-powder-15g","title":{"rendered":"Malu Wilz Fixing Powder 15g"},"content":{"rendered":"<div class=\"product--description\">\n<div class=\"bwab\">Nach dem Grundieren mit Camouflage den Fixing Puder mit der Quaste oder dem Pinsel dick auftragen. \u00dcbersch\u00fcsse nach 5 bis 10 Minuten mit der Reinigungsb\u00fcrste behutsam abb\u00fcrsten. F\u00fcr normale Haltbarkeit eine kleine Menge Puder mit der Quaste oder dem Pinsel sparsam auftragen.<\/div>\n<\/div>\n<div>Inhaltsstoffe:<\/div>\n<div>TALC, MAGNESIUM MYRISTATE, CI 19140 (YELLOW 5 LAKE), CI 77007 (ULTRAMARINES), CI 77491 (IRON OXIDES), CI 77492 (IRON OXIDES), CI 77499 (IRON OXIDES)<\/div>\n<div id=\"dpahahyoutubeVideoPipContainer\" class=\"youtubeVideoPipScaleup\" style=\"z-index: 1102; display: none;\"><\/div>\n","protected":false},"excerpt":{"rendered":"<p>Der Fixing Powder ist ein transparenter Spezialpuder zum Fixieren jedes Make-ups. Fixiert Camouflage und macht sie wasserfest. Erh\u00f6ht die Haltbarkeit von Lippenstiften und Make-up. F\u00fcr das Fixieren jedes Make-ups geeignet, vor allem bei Mischhaut und \u00f6liger. F\u00fcr jeden Hauttyp geeignet. Ideal f\u00fcr besondere Anl\u00e4sse.<\/p>\n","protected":false},"featured_media":3273,"template":"","meta":{"_kad_post_transparent":"","_kad_post_title":"","_kad_post_layout":"","_kad_post_sidebar_id":"","_kad_post_content_style":"","_kad_post_vertical_padding":"","_kad_post_feature":"","_kad_post_feature_position":"","_kad_post_header":false,"_kad_post_footer":false,"_kad_post_classname":""},"product_brand":[],"product_cat":[26,44,18],"product_tag":[39],"class_list":{"0":"post-2924","1":"product","2":"type-product","3":"status-publish","4":"has-post-thumbnail","6":"product_cat-make-up","7":"product_cat-malu-wilz","8":"product_cat-powder","9":"product_tag-make-up","11":"first","12":"instock","13":"shipping-taxable","14":"purchasable","15":"product-type-simple","16":"entry","17":"content-bg","18":"loop-entry"},"_links":{"self":[{"href":"https:\/\/personal-shopper-graz.at\/index.php?rest_route=\/wp\/v2\/product\/2924","targetHints":{"allow":["GET"]}}],"collection":[{"href":"https:\/\/personal-shopper-graz.at\/index.php?rest_route=\/wp\/v2\/product"}],"about":[{"href":"https:\/\/personal-shopper-graz.at\/index.php?rest_route=\/wp\/v2\/types\/product"}],"wp:featuredmedia":[{"embeddable":true,"href":"https:\/\/personal-shopper-graz.at\/index.php?rest_route=\/wp\/v2\/media\/3273"}],"wp:attachment":[{"href":"https:\/\/personal-shopper-graz.at\/index.php?rest_route=%2Fwp%2Fv2%2Fmedia&parent=2924"}],"wp:term":[{"taxonomy":"product_brand","embeddable":true,"href":"https:\/\/personal-shopper-graz.at\/index.php?rest_route=%2Fwp%2Fv2%2Fproduct_brand&post=2924"},{"taxonomy":"product_cat","embeddable":true,"href":"https:\/\/personal-shopper-graz.at\/index.php?rest_route=%2Fwp%2Fv2%2Fproduct_cat&post=2924"},{"taxonomy":"product_tag","embeddable":true,"href":"https:\/\/personal-shopper-graz.at\/index.php?rest_route=%2Fwp%2Fv2%2Fproduct_tag&post=2924"}],"curies":[{"name":"wp","href":"https:\/\/api.w.org\/{rel}","templated":true}]}}