{"id":3040,"date":"2025-07-29T10:14:06","date_gmt":"2025-07-29T10:14:06","guid":{"rendered":"https:\/\/personal-shopper-graz.at\/?post_type=product&#038;p=3040"},"modified":"2025-11-14T13:47:35","modified_gmt":"2025-11-14T13:47:35","slug":"malu-wilz-classic-lipstick","status":"publish","type":"product","link":"https:\/\/personal-shopper-graz.at\/?product=malu-wilz-classic-lipstick","title":{"rendered":"Malu Wilz Classic Lipstick"},"content":{"rendered":"<div class=\"product--description\">Dieser Lippenstift vereint die Power der Natur mit den Highlights eines klassischen Lippenstiftes und zaubert intensive Farbe sowie geschmeidige, gepflegte Lippen. Die cremige Textur pflegt die Lippen und sorgt f\u00fcr ein samtweiches Gef\u00fchl. Farbgebende Komponenten sorgen f\u00fcr eine gl\u00e4nzende Farbintensit\u00e4t mit nat\u00fcrlichem Finish. Angereichert mit einem feuchtigkeitsspendenden \u00d6l, welches die Lippen geschmeidig h\u00e4lt. Mindestens 80% Inhaltsstoffe nat\u00fcrlichen Ursprungs* (*Wasseranteil ausgenommen).<\/div>\n<div><\/div>\n<div id=\"dpahahyoutubeVideoPipContainer\" class=\"youtubeVideoPipScaleup\" style=\"z-index: 1102; display: none;\"><\/div>\n","protected":false},"excerpt":{"rendered":"<p><strong><i>Seidig gl\u00e4nzender Lippenstift mit Pflegeeffekt<\/i><\/strong><\/p>\n","protected":false},"featured_media":3043,"template":"","meta":{"_kad_post_transparent":"","_kad_post_title":"","_kad_post_layout":"","_kad_post_sidebar_id":"","_kad_post_content_style":"","_kad_post_vertical_padding":"","_kad_post_feature":"","_kad_post_feature_position":"","_kad_post_header":false,"_kad_post_footer":false,"_kad_post_classname":""},"product_brand":[],"product_cat":[20,44],"product_tag":[39],"class_list":{"0":"post-3040","1":"product","2":"type-product","3":"status-publish","4":"has-post-thumbnail","6":"product_cat-lippen","7":"product_cat-malu-wilz","8":"product_tag-make-up","10":"first","11":"instock","12":"sale","13":"shipping-taxable","14":"purchasable","15":"product-type-variable","16":"entry","17":"content-bg","18":"loop-entry"},"_links":{"self":[{"href":"https:\/\/personal-shopper-graz.at\/index.php?rest_route=\/wp\/v2\/product\/3040","targetHints":{"allow":["GET"]}}],"collection":[{"href":"https:\/\/personal-shopper-graz.at\/index.php?rest_route=\/wp\/v2\/product"}],"about":[{"href":"https:\/\/personal-shopper-graz.at\/index.php?rest_route=\/wp\/v2\/types\/product"}],"wp:featuredmedia":[{"embeddable":true,"href":"https:\/\/personal-shopper-graz.at\/index.php?rest_route=\/wp\/v2\/media\/3043"}],"wp:attachment":[{"href":"https:\/\/personal-shopper-graz.at\/index.php?rest_route=%2Fwp%2Fv2%2Fmedia&parent=3040"}],"wp:term":[{"taxonomy":"product_brand","embeddable":true,"href":"https:\/\/personal-shopper-graz.at\/index.php?rest_route=%2Fwp%2Fv2%2Fproduct_brand&post=3040"},{"taxonomy":"product_cat","embeddable":true,"href":"https:\/\/personal-shopper-graz.at\/index.php?rest_route=%2Fwp%2Fv2%2Fproduct_cat&post=3040"},{"taxonomy":"product_tag","embeddable":true,"href":"https:\/\/personal-shopper-graz.at\/index.php?rest_route=%2Fwp%2Fv2%2Fproduct_tag&post=3040"}],"curies":[{"name":"wp","href":"https:\/\/api.w.org\/{rel}","templated":true}]}}

<div class="product--description">Dieser Lippenstift vereint die Power der Natur mit den Highlights eines klassischen Lippenstiftes und zaubert intensive Farbe sowie geschmeidige, gepflegte Lippen. Die cremige Textur pflegt die Lippen und sorgt für ein samtweiches Gefühl. Farbgebende Komponenten sorgen für eine glänzende Farbintensität mit natürlichem Finish. Angereichert mit einem feuchtigkeitsspendenden Öl, welches die Lippen geschmeidig hält. Mindestens 80% Inhaltsstoffe natürlichen Ursprungs* (*Wasseranteil ausgenommen).</div>
<div></div>
<div id="dpahahyoutubeVideoPipContainer" class="youtubeVideoPipScaleup" style="z-index: 1102; display: none;"></div>

<p><strong><i>Seidig glänzender Lippenstift mit Pflegeeffekt</i></strong></p>
