{"id":3133,"date":"2025-09-09T09:47:41","date_gmt":"2025-09-09T09:47:41","guid":{"rendered":"https:\/\/personal-shopper-graz.at\/?post_type=product&#038;p=3133"},"modified":"2026-02-27T13:08:14","modified_gmt":"2026-02-27T13:08:14","slug":"arabesque-cooling-eyeshadow-stylo-fb-40","status":"publish","type":"product","link":"https:\/\/personal-shopper-graz.at\/?product=arabesque-cooling-eyeshadow-stylo-fb-40","title":{"rendered":"Arabesque Cooling Eyeshadow Stylo Fb.40"},"content":{"rendered":"<div>\n<div>\n<p>Der <strong>Cooling Eyeshadow Stylo<\/strong> von arabesque ist ideal f\u00fcr unterwegs und ein wisch- und wasserfester Creme-Lidschatten, der Augen schminken flexibel macht. Er kann als Lidschatten oder Eyeliner auf dem gesamten Augenlid und der Wasserlinie verwendet werden &#8211; Sie haben die Wahl. Dar\u00fcber hinaus erm\u00f6glicht die zart-cremige Textur des 2in1 Lidschattenstiftes ein einfaches Auftragen und ist dabei k\u00fchlend. Mit integriertem Spitzer am Stiftende, so dass eine perfekte Minenform immer garantiert ist.<\/p>\n<h2 class=\"h4\">Cooling Eyeshadow Stylo von arabesque<\/h2>\n<ul>\n<li>Wirkt k\u00fchlend<\/li>\n<li>Wisch- und wasserfest<\/li>\n<li>Vielseitig einsetzbar<\/li>\n<\/ul>\n<p>&nbsp;<\/p>\n<\/div>\n<\/div>\n<div id=\"dpahahyoutubeVideoPipContainer\" class=\"youtubeVideoPipScaleup\" style=\"z-index: 1102; display: none;\"><\/div>\n","protected":false},"excerpt":{"rendered":"<p>&nbsp;<\/p>\n<p>Der <strong>Cooling Eyeshadow Stylo<\/strong> von arabesque ist ideal f\u00fcr unterwegs und ein wisch- und wasserfester Creme-Lidschatten, der Augen schminken flexibel macht. Er kann als Lidschatten oder Eyeliner auf dem gesamten Augenlid und der Wasserlinie verwendet werden &#8211; Sie haben die Wahl. Dar\u00fcber hinaus erm\u00f6glicht die zart-cremige Textur des 2in1 Lidschattenstiftes ein einfaches Auftragen und ist dabei k\u00fchlend. Mit integriertem Spitzer am Stiftende, so dass eine perfekte Minenform immer garantiert ist.<\/p>\n<h2 class=\"h4\">Cooling Eyeshadow Stylo von arabesque<\/h2>\n<ul>\n<li>Wirkt k\u00fchlend<\/li>\n<li>Wisch- und wasserfest<\/li>\n<li>Vielseitig einsetzbar<\/li>\n<\/ul>\n<p>&nbsp;<\/p>\n<p>Zum Entfernen des Make-ups eignet sich am bestens ein \u00f6lhaltiger Augen-Make-up Entferner.<\/p>\n","protected":false},"featured_media":3145,"template":"","meta":{"_kad_post_transparent":"","_kad_post_title":"","_kad_post_layout":"","_kad_post_sidebar_id":"","_kad_post_content_style":"","_kad_post_vertical_padding":"","_kad_post_feature":"","_kad_post_feature_position":"","_kad_post_header":false,"_kad_post_footer":false,"_kad_post_classname":""},"product_brand":[],"product_cat":[19],"product_tag":[39],"class_list":{"0":"post-3133","1":"product","2":"type-product","3":"status-publish","4":"has-post-thumbnail","6":"product_cat-augen-make-up","7":"product_tag-make-up","9":"first","10":"instock","11":"sale","12":"shipping-taxable","13":"purchasable","14":"product-type-simple","15":"entry","16":"content-bg","17":"loop-entry"},"_links":{"self":[{"href":"https:\/\/personal-shopper-graz.at\/index.php?rest_route=\/wp\/v2\/product\/3133","targetHints":{"allow":["GET"]}}],"collection":[{"href":"https:\/\/personal-shopper-graz.at\/index.php?rest_route=\/wp\/v2\/product"}],"about":[{"href":"https:\/\/personal-shopper-graz.at\/index.php?rest_route=\/wp\/v2\/types\/product"}],"wp:featuredmedia":[{"embeddable":true,"href":"https:\/\/personal-shopper-graz.at\/index.php?rest_route=\/wp\/v2\/media\/3145"}],"wp:attachment":[{"href":"https:\/\/personal-shopper-graz.at\/index.php?rest_route=%2Fwp%2Fv2%2Fmedia&parent=3133"}],"wp:term":[{"taxonomy":"product_brand","embeddable":true,"href":"https:\/\/personal-shopper-graz.at\/index.php?rest_route=%2Fwp%2Fv2%2Fproduct_brand&post=3133"},{"taxonomy":"product_cat","embeddable":true,"href":"https:\/\/personal-shopper-graz.at\/index.php?rest_route=%2Fwp%2Fv2%2Fproduct_cat&post=3133"},{"taxonomy":"product_tag","embeddable":true,"href":"https:\/\/personal-shopper-graz.at\/index.php?rest_route=%2Fwp%2Fv2%2Fproduct_tag&post=3133"}],"curies":[{"name":"wp","href":"https:\/\/api.w.org\/{rel}","templated":true}]}}