{"id":3420,"date":"2026-01-08T14:04:50","date_gmt":"2026-01-08T14:04:50","guid":{"rendered":"https:\/\/personal-shopper-graz.at\/?post_type=product&#038;p=3420"},"modified":"2026-01-08T14:40:05","modified_gmt":"2026-01-08T14:40:05","slug":"malu-wilz-light-reflektor","status":"publish","type":"product","link":"https:\/\/personal-shopper-graz.at\/?product=malu-wilz-light-reflektor","title":{"rendered":"Malu Wilz Light Reflektor Concelar"},"content":{"rendered":"<div>\n<div class=\"row\">\n<div class=\"col-12\">\n<div class=\"description-item\">\n<div class=\"product--application-title content--title\">Anwendung<\/div>\n<div class=\"product--application-text\">Die Haut vorbereiten und wie gewohnt Foundation auftragen. Den Concealer mit dem Applikator auf die gew\u00fcnschten Stellen auftragen, z. B. um die Augen (C-Zone) oder auf Unreinheiten (T-Zone). Anschlie\u00dfend mit den Fingerspitzen oder einem Pinsel sanft verblenden, bis der Concealer nahtlos mit der Haut verschmilzt. F\u00fcr einen l\u00e4ngeren Halt das Produkt mit Puder fixieren.<\/div>\n<\/div>\n<div>Inhaltsstoffe:<\/div>\n<div class=\"description-item\">\n<p>AQUA (WATER), DIMETHICONE, BUTYLENE GLYCOL, ISODODECANE, PARAFFINUM LIQUIDUM (MINERAL OIL), SYNTHETIC FLUORPHLOGOPITE, ETHYLHEXYL PALMITATE, PENTYLENE GLYCOL, CETYL PEG\/PPG-10\/1 DIMETHICONE, DIPHENYLSILOXY PHENYL TRIMETHICONE, DISTEARDIMONIUM HECTORITE, SODIUM CHLORIDE, LAUROYL LYSINE, PHENOXYETHANOL, TRIMETHYLSILOXYSILICATE, MICA, ALUMINUM HYDROXIDE, TRIETHOXYCAPRYLYLSILANE, HYDROGEN DIMETHICONE, PROPYLENE CARBONATE, TOCOPHEROL, BRASSICA NAPUS (RAPE) SEED OIL, PENTAERYTHRITYL TETRA-DI-T-BUTYL HYDROXYHYDROCINNAMATE, TRIISOPROPANOLAMINE, [+\/- (MAY CONTAIN) CI 77491 (IRON OXIDES), CI 77492 (IRON OXIDES), CI 77499 (IRON OXIDES), CI 77891 (TITANIUM DIOXIDE)]<\/p>\n<\/div>\n<\/div>\n<\/div>\n<div class=\"inhoud\"><\/div>\n<\/div>\n","protected":false},"excerpt":{"rendered":"<p>Die LIGHT REFLECTOR Abdeckcreme sorgt f\u00fcr ein gleichm\u00e4\u00dfiges, frisches Finish und kaschiert m\u00fcde Augen sowie Hautunreinheiten. Ihre speziell entwickelte, auf Wasser basierende Textur verleiht der Haut ein angenehmes, leichtes Gef\u00fchl und enth\u00e4lt feine wei\u00dfe Perlen, die das Licht reflektieren und so einen frischen, dreidimensionalen Teint schaffen. Die Abdeckcreme sorgt f\u00fcr eine leichte bis mittlere Deckkraft, die sich gut verblenden l\u00e4sst, und hat eine langanhaltende, smudge-proof Formel, die sich nicht in feinen Linien absetzt. Die feuchtigkeitsspendende Formel hinterl\u00e4sst ein geschmeidiges und festes Hautgef\u00fchl und sch\u00fctzt die Haut gleichzeitig vor \u00e4u\u00dferen Einfl\u00fcssen, ohne das Make-up zu beeintr\u00e4chtigen. Perfekt f\u00fcr den gesamten Tag, da die Abdeckcreme sowohl wasserfest als auch transferresistent ist und ein makelloses, nat\u00fcrliches Finish bietet.<\/p>\n","protected":false},"featured_media":3425,"template":"","meta":{"_kad_post_transparent":"","_kad_post_title":"","_kad_post_layout":"","_kad_post_sidebar_id":"","_kad_post_content_style":"","_kad_post_vertical_padding":"","_kad_post_feature":"","_kad_post_feature_position":"","_kad_post_header":false,"_kad_post_footer":false,"_kad_post_classname":""},"product_brand":[],"product_cat":[26,44],"product_tag":[39],"class_list":{"0":"post-3420","1":"product","2":"type-product","3":"status-publish","4":"has-post-thumbnail","6":"product_cat-make-up","7":"product_cat-malu-wilz","8":"product_tag-make-up","10":"first","11":"instock","12":"shipping-taxable","13":"purchasable","14":"product-type-variable","15":"entry","16":"content-bg","17":"loop-entry"},"_links":{"self":[{"href":"https:\/\/personal-shopper-graz.at\/index.php?rest_route=\/wp\/v2\/product\/3420","targetHints":{"allow":["GET"]}}],"collection":[{"href":"https:\/\/personal-shopper-graz.at\/index.php?rest_route=\/wp\/v2\/product"}],"about":[{"href":"https:\/\/personal-shopper-graz.at\/index.php?rest_route=\/wp\/v2\/types\/product"}],"wp:featuredmedia":[{"embeddable":true,"href":"https:\/\/personal-shopper-graz.at\/index.php?rest_route=\/wp\/v2\/media\/3425"}],"wp:attachment":[{"href":"https:\/\/personal-shopper-graz.at\/index.php?rest_route=%2Fwp%2Fv2%2Fmedia&parent=3420"}],"wp:term":[{"taxonomy":"product_brand","embeddable":true,"href":"https:\/\/personal-shopper-graz.at\/index.php?rest_route=%2Fwp%2Fv2%2Fproduct_brand&post=3420"},{"taxonomy":"product_cat","embeddable":true,"href":"https:\/\/personal-shopper-graz.at\/index.php?rest_route=%2Fwp%2Fv2%2Fproduct_cat&post=3420"},{"taxonomy":"product_tag","embeddable":true,"href":"https:\/\/personal-shopper-graz.at\/index.php?rest_route=%2Fwp%2Fv2%2Fproduct_tag&post=3420"}],"curies":[{"name":"wp","href":"https:\/\/api.w.org\/{rel}","templated":true}]}}

<div>
<div class="row">
<div class="col-12">
<div class="description-item">
<div class="product--application-title content--title">Anwendung</div>
<div class="product--application-text">Die Haut vorbereiten und wie gewohnt Foundation auftragen. Den Concealer mit dem Applikator auf die gewünschten Stellen auftragen, z. B. um die Augen (C-Zone) oder auf Unreinheiten (T-Zone). Anschließend mit den Fingerspitzen oder einem Pinsel sanft verblenden, bis der Concealer nahtlos mit der Haut verschmilzt. Für einen längeren Halt das Produkt mit Puder fixieren.</div>
</div>
<div>Inhaltsstoffe:</div>
<div class="description-item">
<p>AQUA (WATER), DIMETHICONE, BUTYLENE GLYCOL, ISODODECANE, PARAFFINUM LIQUIDUM (MINERAL OIL), SYNTHETIC FLUORPHLOGOPITE, ETHYLHEXYL PALMITATE, PENTYLENE GLYCOL, CETYL PEG/PPG-10/1 DIMETHICONE, DIPHENYLSILOXY PHENYL TRIMETHICONE, DISTEARDIMONIUM HECTORITE, SODIUM CHLORIDE, LAUROYL LYSINE, PHENOXYETHANOL, TRIMETHYLSILOXYSILICATE, MICA, ALUMINUM HYDROXIDE, TRIETHOXYCAPRYLYLSILANE, HYDROGEN DIMETHICONE, PROPYLENE CARBONATE, TOCOPHEROL, BRASSICA NAPUS (RAPE) SEED OIL, PENTAERYTHRITYL TETRA-DI-T-BUTYL HYDROXYHYDROCINNAMATE, TRIISOPROPANOLAMINE, [+/- (MAY CONTAIN) CI 77491 (IRON OXIDES), CI 77492 (IRON OXIDES), CI 77499 (IRON OXIDES), CI 77891 (TITANIUM DIOXIDE)]</p>
</div>
</div>
</div>
<div class="inhoud"></div>
</div>

<p>Die LIGHT REFLECTOR Abdeckcreme sorgt für ein gleichmäßiges, frisches Finish und kaschiert müde Augen sowie Hautunreinheiten. Ihre speziell entwickelte, auf Wasser basierende Textur verleiht der Haut ein angenehmes, leichtes Gefühl und enthält feine weiße Perlen, die das Licht reflektieren und so einen frischen, dreidimensionalen Teint schaffen. Die Abdeckcreme sorgt für eine leichte bis mittlere Deckkraft, die sich gut verblenden lässt, und hat eine langanhaltende, smudge-proof Formel, die sich nicht in feinen Linien absetzt. Die feuchtigkeitsspendende Formel hinterlässt ein geschmeidiges und festes Hautgefühl und schützt die Haut gleichzeitig vor äußeren Einflüssen, ohne das Make-up zu beeinträchtigen. Perfekt für den gesamten Tag, da die Abdeckcreme sowohl wasserfest als auch transferresistent ist und ein makelloses, natürliches Finish bietet.</p>
