{"id":3437,"date":"2026-01-08T14:33:43","date_gmt":"2026-01-08T14:33:43","guid":{"rendered":"https:\/\/personal-shopper-graz.at\/?post_type=product&#038;p=3437"},"modified":"2026-01-08T14:37:31","modified_gmt":"2026-01-08T14:37:31","slug":"malu-wilz-eye-shadow-base","status":"publish","type":"product","link":"https:\/\/personal-shopper-graz.at\/?product=malu-wilz-eye-shadow-base","title":{"rendered":"Malu Wilz Eye Shadow Base"},"content":{"rendered":"<p>Mit dem Zeigefinger etwas Lidschattengrundierung auf das Augenlid auftupfen und gleichm\u00e4\u00dfig verteilen.<\/p>\n<p>Inhaltsstoffe:<\/p>\n<p>SODODECANE, HYDROGENATED POLYISOBUTENE, SILICA DIMETHYL SILYLATE, TALC, PRUNUS ARMENIACA (APRICOT) KERNEL OIL, DISTEARDIMONIUM HECTORITE, KAOLIN, ETHYLENE\/PROPYLENE\/STYRENE COPOLYMER, BUTYLENE\/ETHYLENE\/STYRENE COPOLYMER, PROPYLENE CARBONATE, TOCOPHERYL ACETATE, GLYCERYL CAPRYLATE, ALUMINUM HYDROXIDE, BHT, TOCOPHEROL, CI 77491 (IRON OXIDES), CI 77492 (IRON OXIDES), CI 77499 (IRON OXIDES), CI 77891 (TITANIUM DIOXIDE)<\/p>\n","protected":false},"excerpt":{"rendered":"<p>Lidschattengrundierung &#8211; Farbneutral. Zarte, cremige Konsistenz. Lidschatten l\u00e4sst sich anschlie\u00dfend besser auftragen und verteilen. Aprikosenkern\u00f6l pflegt die empfindliche Augenpartie und sch\u00fctzt gleichzeitig vor Feuchtigkeitsverlust und Austrocknung. Vitamin E wirkt antioxidativ und verbessert die Hautelastizit\u00e4t.. Verhindert das Absetzen von Lidschatten in der Lidfalte. Lidschattenpuder haftet besser, kleine Partikel k\u00f6nnen sich nicht l\u00f6sen. Hautvertr\u00e4glichkeit dermatologisch best\u00e4tigt.<\/p>\n","protected":false},"featured_media":3442,"template":"","meta":{"_kad_post_transparent":"","_kad_post_title":"","_kad_post_layout":"","_kad_post_sidebar_id":"","_kad_post_content_style":"","_kad_post_vertical_padding":"","_kad_post_feature":"","_kad_post_feature_position":"","_kad_post_header":false,"_kad_post_footer":false,"_kad_post_classname":""},"product_brand":[],"product_cat":[26,44],"product_tag":[39],"class_list":{"0":"post-3437","1":"product","2":"type-product","3":"status-publish","4":"has-post-thumbnail","6":"product_cat-make-up","7":"product_cat-malu-wilz","8":"product_tag-make-up","10":"first","11":"instock","12":"shipping-taxable","13":"purchasable","14":"product-type-simple","15":"entry","16":"content-bg","17":"loop-entry"},"_links":{"self":[{"href":"https:\/\/personal-shopper-graz.at\/index.php?rest_route=\/wp\/v2\/product\/3437","targetHints":{"allow":["GET"]}}],"collection":[{"href":"https:\/\/personal-shopper-graz.at\/index.php?rest_route=\/wp\/v2\/product"}],"about":[{"href":"https:\/\/personal-shopper-graz.at\/index.php?rest_route=\/wp\/v2\/types\/product"}],"wp:featuredmedia":[{"embeddable":true,"href":"https:\/\/personal-shopper-graz.at\/index.php?rest_route=\/wp\/v2\/media\/3442"}],"wp:attachment":[{"href":"https:\/\/personal-shopper-graz.at\/index.php?rest_route=%2Fwp%2Fv2%2Fmedia&parent=3437"}],"wp:term":[{"taxonomy":"product_brand","embeddable":true,"href":"https:\/\/personal-shopper-graz.at\/index.php?rest_route=%2Fwp%2Fv2%2Fproduct_brand&post=3437"},{"taxonomy":"product_cat","embeddable":true,"href":"https:\/\/personal-shopper-graz.at\/index.php?rest_route=%2Fwp%2Fv2%2Fproduct_cat&post=3437"},{"taxonomy":"product_tag","embeddable":true,"href":"https:\/\/personal-shopper-graz.at\/index.php?rest_route=%2Fwp%2Fv2%2Fproduct_tag&post=3437"}],"curies":[{"name":"wp","href":"https:\/\/api.w.org\/{rel}","templated":true}]}}

<p>Mit dem Zeigefinger etwas Lidschattengrundierung auf das Augenlid auftupfen und gleichmäßig verteilen.</p>
<p>Inhaltsstoffe:</p>
<p>SODODECANE, HYDROGENATED POLYISOBUTENE, SILICA DIMETHYL SILYLATE, TALC, PRUNUS ARMENIACA (APRICOT) KERNEL OIL, DISTEARDIMONIUM HECTORITE, KAOLIN, ETHYLENE/PROPYLENE/STYRENE COPOLYMER, BUTYLENE/ETHYLENE/STYRENE COPOLYMER, PROPYLENE CARBONATE, TOCOPHERYL ACETATE, GLYCERYL CAPRYLATE, ALUMINUM HYDROXIDE, BHT, TOCOPHEROL, CI 77491 (IRON OXIDES), CI 77492 (IRON OXIDES), CI 77499 (IRON OXIDES), CI 77891 (TITANIUM DIOXIDE)</p>

<p>Lidschattengrundierung &#8211; Farbneutral. Zarte, cremige Konsistenz. Lidschatten lässt sich anschließend besser auftragen und verteilen. Aprikosenkernöl pflegt die empfindliche Augenpartie und schützt gleichzeitig vor Feuchtigkeitsverlust und Austrocknung. Vitamin E wirkt antioxidativ und verbessert die Hautelastizität.. Verhindert das Absetzen von Lidschatten in der Lidfalte. Lidschattenpuder haftet besser, kleine Partikel können sich nicht lösen. Hautverträglichkeit dermatologisch bestätigt.</p>
