{"id":3499,"date":"2026-02-16T13:07:43","date_gmt":"2026-02-16T13:07:43","guid":{"rendered":"https:\/\/personal-shopper-graz.at\/?post_type=product&#038;p=3499"},"modified":"2026-02-16T13:14:27","modified_gmt":"2026-02-16T13:14:27","slug":"malu-wilz-blusher","status":"publish","type":"product","link":"https:\/\/personal-shopper-graz.at\/?product=malu-wilz-blusher","title":{"rendered":"Malu Wilz  Blusher"},"content":{"rendered":"<div>Hochwertiger Blusher \/Rouge eignet sich perfekt zum Modellieren und Konturieren der Gesichtsz\u00fcge. Erh\u00e4ltlich in zwei verschiedenen Nuancen. Federleicht im Auftrag und kaum sp\u00fchrbar auf der Haut. Die zarte Textur l\u00e4sst sich pr\u00e4zise auftragen und bewirkt ein glamour\u00f6ses Finish auf den Wangen. Kombiniert perfekte Haltbarkeit mit absoluter Farbintensit\u00e4t. Paraben- und lanolinfrei.<\/div>\n<div id=\"dpahahyoutubeVideoPipContainer\" class=\"youtubeVideoPipScaleup\" style=\"z-index: 1102; display: none;\"><\/div>\n","protected":false},"excerpt":{"rendered":"<h1><span class=\"PRODUKT_KURZBESCHREIBUNG h2\">Seidiger Puder Rouge<\/span><\/h1>\n<p>Rouge Puder zum Modellieren und Konturieren der Gesichtsform<\/p>\n","protected":false},"featured_media":3507,"template":"","meta":{"_kad_post_transparent":"","_kad_post_title":"","_kad_post_layout":"","_kad_post_sidebar_id":"","_kad_post_content_style":"","_kad_post_vertical_padding":"","_kad_post_feature":"","_kad_post_feature_position":"","_kad_post_header":false,"_kad_post_footer":false,"_kad_post_classname":""},"product_brand":[],"product_cat":[23],"product_tag":[40],"class_list":{"0":"post-3499","1":"product","2":"type-product","3":"status-publish","4":"has-post-thumbnail","6":"product_cat-rouge","7":"product_tag-rouge","9":"first","10":"instock","11":"shipping-taxable","12":"purchasable","13":"product-type-variable","14":"entry","15":"content-bg","16":"loop-entry"},"_links":{"self":[{"href":"https:\/\/personal-shopper-graz.at\/index.php?rest_route=\/wp\/v2\/product\/3499","targetHints":{"allow":["GET"]}}],"collection":[{"href":"https:\/\/personal-shopper-graz.at\/index.php?rest_route=\/wp\/v2\/product"}],"about":[{"href":"https:\/\/personal-shopper-graz.at\/index.php?rest_route=\/wp\/v2\/types\/product"}],"wp:featuredmedia":[{"embeddable":true,"href":"https:\/\/personal-shopper-graz.at\/index.php?rest_route=\/wp\/v2\/media\/3507"}],"wp:attachment":[{"href":"https:\/\/personal-shopper-graz.at\/index.php?rest_route=%2Fwp%2Fv2%2Fmedia&parent=3499"}],"wp:term":[{"taxonomy":"product_brand","embeddable":true,"href":"https:\/\/personal-shopper-graz.at\/index.php?rest_route=%2Fwp%2Fv2%2Fproduct_brand&post=3499"},{"taxonomy":"product_cat","embeddable":true,"href":"https:\/\/personal-shopper-graz.at\/index.php?rest_route=%2Fwp%2Fv2%2Fproduct_cat&post=3499"},{"taxonomy":"product_tag","embeddable":true,"href":"https:\/\/personal-shopper-graz.at\/index.php?rest_route=%2Fwp%2Fv2%2Fproduct_tag&post=3499"}],"curies":[{"name":"wp","href":"https:\/\/api.w.org\/{rel}","templated":true}]}}

<div>Hochwertiger Blusher /Rouge eignet sich perfekt zum Modellieren und Konturieren der Gesichtszüge. Erhältlich in zwei verschiedenen Nuancen. Federleicht im Auftrag und kaum spührbar auf der Haut. Die zarte Textur lässt sich präzise auftragen und bewirkt ein glamouröses Finish auf den Wangen. Kombiniert perfekte Haltbarkeit mit absoluter Farbintensität. Paraben- und lanolinfrei.</div>
<div id="dpahahyoutubeVideoPipContainer" class="youtubeVideoPipScaleup" style="z-index: 1102; display: none;"></div>
