{"id":864,"date":"2020-05-19T16:25:09","date_gmt":"2020-05-19T16:25:09","guid":{"rendered":"https:\/\/personal-shopper-graz.at\/?post_type=product&#038;p=864"},"modified":"2023-12-18T15:27:49","modified_gmt":"2023-12-18T15:27:49","slug":"dr-grandel-cleansing-milk-cremig-leichte-gesichtsreinigungsmilch","status":"publish","type":"product","link":"https:\/\/personal-shopper-graz.at\/?product=dr-grandel-cleansing-milk-cremig-leichte-gesichtsreinigungsmilch","title":{"rendered":"Dr. Grandel Cleansing Milk Cremig-leichte Gesichtsreinigungsmilch"},"content":{"rendered":"<h1>Cleansing Milk f\u00fcr ein porentief reines, sanftes Hautgef\u00fchl<\/h1>\n<p>Die cremig-leichte Gesichtsreinigungsmilch DR. GRANDEL <strong>Cleansing Milk<\/strong> gleicht aus und beruhigt.<br \/>\nIhre Haut darf sich dank Panthenol und r\u00fcckfettenden \u00d6len auf ein weiches Hautgef\u00fchl freuen.<\/p>\n<p>DR. GRANDEL Cleansing Milk &#8211; feel soft<\/p>\n<p>VERPACKUNG: Flasche<\/p>\n<p>DR. GRANDEL Profi-Tipp:<br \/>\nDie Reinigungsmilch ist besonders f\u00fcr anspruchsvolle Haut mit F\u00e4ltchen geeignet. Die Barrierefunktion der Haut wird gest\u00e4rkt und hochwertige Lipide spenden ein wohlig gepflegtes Hautgef\u00fchl.<\/p>\n<p>Tragen Sie DR. GRANDEL Cleansing Milk mit trockenen oder leicht feuchten H\u00e4nden auf und massieren sie die Reinigungsmilch sanft auf. Anschlie\u00dfend mit Wasser abwaschen.<\/p>\n<div><\/div>\n<div id=\"dpahahyoutubeVideoPipContainer\" class=\"youtubeVideoPipScaleup\"><\/div>\n","protected":false},"excerpt":{"rendered":"<p>Cleansing Milk f\u00fcr ein porentief reines, sanftes Hautgef\u00fchl Die cremig-leichte Gesichtsreinigungsmilch DR. GRANDEL Cleansing Milk gleicht aus und beruhigt. Ihre Haut darf sich dank Panthenol und r\u00fcckfettenden \u00d6len auf ein weiches Hautgef\u00fchl freuen. DR. GRANDEL Cleansing Milk &#8211; feel soft VERPACKUNG: Flasche DR. GRANDEL Profi-Tipp: Die Reinigungsmilch ist besonders f\u00fcr anspruchsvolle Haut mit F\u00e4ltchen geeignet&#8230;.<\/p>\n","protected":false},"featured_media":865,"template":"","meta":{"_kad_post_transparent":"","_kad_post_title":"","_kad_post_layout":"","_kad_post_sidebar_id":"","_kad_post_content_style":"","_kad_post_vertical_padding":"","_kad_post_feature":"","_kad_post_feature_position":"","_kad_post_header":false,"_kad_post_footer":false,"_kad_post_classname":""},"product_brand":[],"product_cat":[24],"product_tag":[],"class_list":{"0":"post-864","1":"product","2":"type-product","3":"status-publish","4":"has-post-thumbnail","6":"product_cat-pflege","8":"first","9":"instock","10":"shipping-taxable","11":"purchasable","12":"product-type-simple","13":"entry","14":"content-bg","15":"loop-entry"},"_links":{"self":[{"href":"https:\/\/personal-shopper-graz.at\/index.php?rest_route=\/wp\/v2\/product\/864","targetHints":{"allow":["GET"]}}],"collection":[{"href":"https:\/\/personal-shopper-graz.at\/index.php?rest_route=\/wp\/v2\/product"}],"about":[{"href":"https:\/\/personal-shopper-graz.at\/index.php?rest_route=\/wp\/v2\/types\/product"}],"wp:featuredmedia":[{"embeddable":true,"href":"https:\/\/personal-shopper-graz.at\/index.php?rest_route=\/wp\/v2\/media\/865"}],"wp:attachment":[{"href":"https:\/\/personal-shopper-graz.at\/index.php?rest_route=%2Fwp%2Fv2%2Fmedia&parent=864"}],"wp:term":[{"taxonomy":"product_brand","embeddable":true,"href":"https:\/\/personal-shopper-graz.at\/index.php?rest_route=%2Fwp%2Fv2%2Fproduct_brand&post=864"},{"taxonomy":"product_cat","embeddable":true,"href":"https:\/\/personal-shopper-graz.at\/index.php?rest_route=%2Fwp%2Fv2%2Fproduct_cat&post=864"},{"taxonomy":"product_tag","embeddable":true,"href":"https:\/\/personal-shopper-graz.at\/index.php?rest_route=%2Fwp%2Fv2%2Fproduct_tag&post=864"}],"curies":[{"name":"wp","href":"https:\/\/api.w.org\/{rel}","templated":true}]}}